et l be (-16)/56 + ((-46)/(-14) - s). Let g(j) = 4*j. Calculate g(l).
12
Let m(y) = 4*y - 1. Let l(r) = -r**2 + 5*r + 40. Let b be l(9). Suppose -238*a + 242*a + b = 0. Give m(a).
-5
Let a be (-4 + (-1908)/(-450))*(-80)/(-6)*5. Let g(j) = 2*j**3 - 34*j**2 + 29*j + 33. Give g(a).
-15
Suppose -3*q + 0*q = t - 155, 0 = -4*q + 2*t + 190. Let v = q - 48. Let b(o) = v - 26 + 7 + 2*o + 11. Calculate b(6).
6
Suppose -2*t - 231 = -n, -2*t = -7*n + 2*n + 235. Let w = t + 114. Let p(o) = o**2 - 3*o. Let h(l) = 2*l**2 - 5*l. Let r(f) = -4*h(f) + 7*p(f). Give r(w).
0
Let x(d) = 3*d**3 + 5*d + 2. Suppose j - 306 = -2*p - 310, 2*j = -3*p - 6. Give x(p).
-32
Suppose 14*i + 489 = 17*i - 3*c, -c = -5*i + 811. Let k = i + -158. Let f(h) be the second derivative of h**3/3 + h**2 + h. Give f(k).
10
Suppose 81 = 7*c + 11. Let q(y) = -y**3 + 12*y**2 - 10*y + 16. Let u be q(c). Let r = -118 + u. Let d(j) = -j**3 - 5*j**2 - 3*j - 3. Calculate d(r).
-9
Let u = 5988 + -6009. Let r(q) = 3*q + 29. Determine r(u).
-34
Let r(t) = t**2 - 11. Let c be r(-8). Let a(p) = p**3 - 6*p - c - 54 + 3*p**2 + 106. Suppose -2*x = 8 - 0. Calculate a(x).
7
Suppose -8*q + 11*q - 3*f = 39, 5*f = 25. Let d(p) = p - 24. What is d(q)?
-6
Suppose -v - 1 - 13 = -4*o, -3*o = -2*v - 8. Let k(w) be the second derivative of w**5/20 - w**4/4 - w**3/6 - 5*w**2/2 - w - 1048. Give k(o).
7
Let j(x) be the third derivative of x**4/24 + 2*x**3 - 5*x**2 + 18*x. Determine j(-3).
9
Suppose -6*u + 159 + 381 = -24*u. Let t(g) = g**2 + 31*g + 18. Calculate t(u).
-12
Let q(j) be the third derivative of 1/12*j**4 - j**2 + 102*j + 1/2*j**3 + 0. Let x be (0 - 1)/((-2)/(-10)). Determine q(x).
-7
Suppose 3*c - 5*p = 0, -3*c = -0*c - 2*p - 9. Suppose 2*u = 5*z - 10, 20 = u - c*u. Let a(l) = -l**2 - 3*l - 4. Give a(z).
-4
Let y be (-12)/21 + 19504/28. Let z = -687 + y. Let g(n) = n**2 - 10*n + 4. Determine g(z).
-5
Suppose 26 = -46*n + 59*n. Let f(z) = -13*z + 7*z + n*z**2 - 3*z**2 - 62 + 58. Let y be 8/4*10/(-4). Determine f(y).
1
Let g(v) = 0 - 2 + 4*v + 8 - 4. Suppose 2*o - 19 = 5*i, 4*i + o - 76 + 86 = 0. What is g(i)?
-10
Let o(n) = 2*n**3 - 64*n**2 + 64*n - 65. Let m be (-73 - -1)/(-3) + (-39 - -46). Give o(m).
-3
Let m be ((-7)/2)/((-3528)/(-3024)). Let p(f) = -65*f - 207. Give p(m).
-12
Let n(c) be the first derivative of -c**3 - 3*c**2/2 - 3*c - 58. Suppose 4*g + 10 = 2*u, 3*u - 15 = -0*g + g. Let m be (-3)/9 + u/(-3). Give n(m).
-9
Suppose -3*r - 47 = -3*b + r, 5*r + 55 = 3*b. Let o(h) be the second derivative of -h**5/20 + h**4/2 - 2*h**3/3 - 9*h**2/2 - 3*h. Determine o(b).
-4
Let f(i) = -i**2 + 9*i + 3. Let q(m) be the second derivative of -m**5/20 + 7*m**4/4 - 7*m**3/2 + 27*m**2/2 - 69*m. Let n be q(20). Determine f(n).
17
Suppose 2*v - 11 - 125 = -4*y, 2*v + 3*y - 139 = 0. Suppose 4*t - v = -5*z - 6, -5*z = 3*t - 66. Suppose 0*u = 3*u - z. Let l(r) = r - 3. Calculate l(u).
1
Suppose -7*n + 272 = -43. Let k be (-17)/3 - 15/n. Let q(l) = -l**2 - 8*l - 1. Let d(t) = 2*t**2 + 17*t + 1. Let z(f) = -6*d(f) - 14*q(f). Calculate z(k).
20
Let r = 14746 + -14743. Let v(g) = 140*g - 422. Calculate v(r).
-2
Let c(g) be the third derivative of g**5/60 + 13*g**4/24 - 2*g**3/3 + 4262*g**2. Give c(-11).
-26
Let b(p) = 5*p + 38. Let d be b(-6). Let k(r) = -3*r**3 + 23*r**2 + 7*r + 9. Calculate k(d).
1
Suppose -4*z + 0*z = -2*u + 32, -2*z - 2*u - 10 = 0. Let s(t) = 290*t - 13 - 594*t + 300*t. Determine s(z).
15
Let l be -28 + 16 - 6/(-2). Let q(s) = -12*s - 105. Let h be q(l). Let z(j) = -j**3 + 2*j**2 + 2*j - 2. Determine z(h).
-5
Let w(u) be the second derivative of -u**6/120 - u**5/6 + u**4/24 + 5*u**3/3 - 7*u**2 + 5*u + 2. Let h(l) be the first derivative of w(l). Calculate h(-10).
0
Let c(s) = -s**2 - 7*s + 18. Suppose 0 = 15*y - 160 + 295. Calculate c(y).
0
Let y(c) = 4*c - 5 - 5 + 2. Suppose -297*x + 285*x + 118 = 22. What is y(x)?
24
Let s(r) = r**3 + 9*r**2 + 8*r + 6. Suppose 14 = -6*j + 38. Let d be ((-2)/(-4))/(4/104). Suppose -d + 45 = -j*x. Calculate s(x).
6
Suppose 32*y = 482 - 642. Let u(t) = 2*t**3 + 10*t**2 - 4*t + 1. Give u(y).
21
Let f(w) be the second derivative of w**4/12 + 2*w**3 + 27*w**2/2 - 1019*w. What is f(-2)?
7
Let z(c) = 0 + 0 + 6 + c + 1. Let t be z(-13). Let h(l) = 2*l. Calculate h(t).
-12
Let c(k) = 15*k + 9. Suppose 8*l = 39 + 9. Let x(v) = 14*v + 8. Let o(z) = l*c(z) - 7*x(z). What is o(-2)?
14
Let d(j) = -6086*j + 33*j**3 + 6086*j + 2*j**2 - j**2. Let f be 0/(-3) - (-2 + 3). Calculate d(f).
-32
Let k(z) be the second derivative of 8*z + 0 + 3/2*z**3 + 1/2*z**2. Let u(p) = p**2 - 52*p - 415. Let h be u(-7). Calculate k(h).
-17
Suppose -4*s = -2*p + 26, 2*p + 4*s = -s + 17. Let z(g) = -25 - 32*g + p*g + 13*g + 10*g. Determine z(11).
-3
Let n(f) = f**2 - 45*f + 474. Let k be 5788/340 + (-572)/24310. What is n(k)?
-2
Let q(m) = 3*m + 5. Let i(s) = 2*s + 8. Let c be i(-2). Suppose -n - c*x + 110 = 0, -n = -2*x + x - 130. Let b be (-1)/1 + n/21. What is q(b)?
20
Let n = 24 - -4. Let f be (-15200)/(-500)*(-15)/(-12). Suppose f + n = -6*h. Let d(q) = q + 5. Give d(h).
-6
Let c(u) = -5*u**3 + 3*u**2 + 15*u - 2. Let l(a) = -15*a - 1. Let x(v) = -c(v) - l(v). Calculate x(1).
5
Let q(n) = 2*n**2 + 317*n + 1836. Let u be q(-6). Let z(k) be the second derivative of -2*k**3/3 + 5*k**2/2 - 2*k. Determine z(u).
-19
Let r(s) = 5*s**2 - 1. Let t = 408 + -499. Let m be 24/(-13) + 14/t. Calculate r(m).
19
Let t = 26 + -39. Let i = t + 4. Let n(b) = -18*b + 16. Let f(k) = 41*k - 33. Let a(w) = -4*f(w) - 9*n(w). Give a(i).
6
Suppose q + 4*u + 17 = 0, 4*u = 2*q - 25 - 1. Let c(z) = 0*z**3 + 2*z - 4 + 17*z**2 - 3*z**2 - 9 - q*z + z**3. Calculate c(-14).
1
Suppose 4*c - 3*c - 14 = 0. Suppose -27*g - 138 = -705. Suppose -2*x + 4*s = -c, 5*s = -x - 0*x - g. Let n(v) = 9*v**3 - 1. What is n(x)?
-10
Suppose -30 = -5*m - 6*j + j, 0 = 5*j + 5. Suppose -4 - 24 = m*c. Let w(b) = 5*b + 2 - 7 + b**2 + 2. Calculate w(c).
-7
Suppose -54*k + 39*k = -29*k - 448. Let l(q) = -q**3 - 34*q**2 - 67*q - 95. Give l(k).
1
Suppose 3*a = 4*i + 32, 3*i - 22 = 2*i - 3*a. Let w(l) = 6*l**3 + l**2 - 2*l - 2. What is w(i)?
-42
Let w(c) = 4*c - 1. Suppose 59 = 8*t - 13. Let f(z) = -4 + 4 + t*z - 2. Let n(l) = 6*f(l) - 13*w(l). Determine n(2).
5
Let u(y) = -y**2 + 2*y + 1. Let p(w) = -6*w - 2. Suppose 11*m - 8*m - 6 = 0. Suppose -3*r + m*f + 1 = 0, 4*r = -0*r - 3*f - 10. Let a be p(r). Determine u(a).
-7
Suppose 3*m = -n + 19 - 6, 5*n = 4*m + 8. Suppose -4*p + 2*p + 17 = -m*j, 4*j - 8 = -5*p. Let w(u) = -u + 0 - 1 + p*u + 7. What is w(-6)?
-12
Let h(k) = -2*k**3 + 10*k**2 - 4*k - 3. Let t(s) = s**3 - s**2 + s. Let u(l) = -h(l) - 3*t(l). Let r be u(-7). Let a(x) = 236*x + 234*x - 472*x. What is a(r)?
8
Let u be (-14)/12*(-4 - 2)*1. Let v(q) = -q**2 + 5*q + 1. Calculate v(u).
-13
Let f(y) = -y + 197 - 99 - 94. Suppose s - 3*s + t + 25 = 0, 4*t = 20. Suppose s*g - 28 = 17. What is f(g)?
1
Let z(y) = -2*y - 5. Let d = 10225 - 10222. Give z(d).
-11
Let t(j) = -2*j**3 + 33*j**2 - 62*j - 9. Let k(h) = -h**3 + 13*h**2 - 30*h - 3. Let a(z) = -5*k(z) + 2*t(z). Give a(0).
-3
Let u(i) = 112*i - 221*i + 1 + 114*i + 0. Let v be -9*(-5)/(-75) + (-4)/10. What is u(v)?
-4
Let i(p) = -15*p**2 + 15 + 14*p**2 - 11*p - 12 - 10. What is i(-10)?
3
Let p(l) = l**3 - 47*l**2 - 258*l - 104. Let x be p(52). Let w(i) = -i**2 - 2*i - 10. Determine w(x).
-10
Let q(c) be the second derivative of -3*c**3/2 - c**2 + 4219*c. What is q(10)?
-92
Suppose 0 = -5*c + 5*i - 5, 0*c - 5*i + 8 = -4*c. Suppose 3*a + 5 = 2*q, -6*a - c = -2*q - 5*a. Let j(b) = -15*b. Calculate j(q).
-15
Let b = -1468 + 1464. Let g(x) = x**2 + 7*x + 9. Give g(b).
-3
Let m(w) = -w**3 + 6*w**2 + 6*w + 9. Let g be m(7). Let n(x) = 41695*x**3 + 2*x - 41698*x**3 - 8*x**2 + 6*x**2 + 4*x**2. What is n(g)?
-12
Let m(k) = -3*k. Suppose 2*r - 117 = -11. Let g(n) = 1 + r*n - 38*n - 29*n. Let a(p) = -2*g(p) + 11*m(p). Calculate a(-2).
8
Let i(k) = -k**2 + 36*k + 249. Let q(z) = -z**3 - 87*z**2 - 261*z - 762. Let h be q(-84). What is i(h)?
-3
Let u(k) = k**2 - 7. Let x = -28 + 19. Let n = 8 - x. Let z = 17 - n. Determine u(z).
-7
Let u(f) = f**3 + 3*f**2 - 46*f + 11. Let y be u(5). Let r be 3 - (-3 + y)/(-2). Let d(o) = 5*o + 6. Determine d(r).
-34
Let q(w) = 0*w - 21 + 53 - 25 + 0*w - w. Let o(y) = -y - 1. Let d(n